divisor of 130 and 10.
10
Calculate the greatest common divisor of 39 and 6.
3
What is the greatest common divisor of 3 and 20?
1
What is the greatest common divisor of 481 and 208?
13
What is the greatest common divisor of 26 and 182?
26
Calculate the greatest common divisor of 52 and 234.
26
Calculate the greatest common factor of 66 and 297.
33
What is the greatest common divisor of 9 and 9?
9
Calculate the highest common divisor of 536 and 52.
4
Calculate the highest common divisor of 13661 and 19.
19
What is the highest common divisor of 2646 and 27?
27
What is the highest common divisor of 54 and 36?
18
Calculate the highest common divisor of 459 and 333.
9
What is the highest common divisor of 27 and 171?
9
What is the highest common factor of 3982 and 22?
22
Calculate the greatest common divisor of 3984 and 6.
6
Calculate the highest common factor of 35 and 7.
7
Calculate the greatest common factor of 754 and 2668.
58
Calculate the greatest common divisor of 3 and 156.
3
What is the highest common factor of 338 and 8?
2
Calculate the highest common divisor of 8 and 7816.
8
What is the highest common factor of 2156 and 56?
28
Calculate the highest common divisor of 2590 and 111.
37
Calculate the highest common divisor of 35 and 875.
35
Calculate the greatest common factor of 1162 and 1.
1
What is the greatest common factor of 210 and 84?
42
Calculate the highest common factor of 4602 and 1062.
354
Calculate the highest common factor of 4600 and 3910.
230
Calculate the greatest common factor of 99 and 27.
9
What is the highest common factor of 464 and 29?
29
Calculate the greatest common divisor of 9028 and 732.
244
What is the highest common factor of 637 and 49?
49
Calculate the greatest common factor of 4964 and 680.
68
Calculate the highest common divisor of 325 and 52.
13
Calculate the highest common factor of 45 and 405.
45
Calculate the highest common factor of 35916 and 73.
73
Calculate the greatest common factor of 140 and 238.
14
Calculate the greatest common factor of 592 and 74.
74
Calculate the greatest common divisor of 456 and 24.
24
What is the greatest common divisor of 27 and 27?
27
What is the greatest common divisor of 588 and 168?
84
Calculate the highest common divisor of 17 and 1309.
17
What is the highest common divisor of 27 and 6?
3
What is the greatest common divisor of 559 and 172?
43
What is the highest common factor of 198 and 44?
22
Calculate the greatest common factor of 22 and 121.
11
Calculate the highest common factor of 56 and 721.
7
Calculate the greatest common divisor of 11985 and 15.
15
What is the highest common factor of 80 and 8390?
10
Calculate the highest common divisor of 180 and 45.
45
Calculate the greatest common divisor of 70 and 3110.
10
Calculate the highest common divisor of 984 and 1464.
24
What is the greatest common divisor of 9 and 45?
9
What is the greatest common divisor of 27 and 1647?
27
What is the greatest common divisor of 3913 and 546?
91
Calculate the highest common divisor of 176 and 944.
16
What is the highest common factor of 480 and 432?
48
What is the highest common factor of 33606 and 9?
9
What is the greatest common divisor of 2 and 4202?
2
What is the highest common divisor of 236 and 4366?
118
What is the greatest common divisor of 120 and 72?
24
What is the highest common factor of 108 and 24?
12
Calculate the greatest common factor of 243 and 405.
81
Calculate the greatest common factor of 342 and 882.
18
What is the greatest common divisor of 184 and 4?
4
What is the greatest common divisor of 124 and 775?
31
What is the highest common divisor of 11 and 5?
1
Calculate the greatest common factor of 28 and 644.
28
What is the greatest common divisor of 3552 and 64?
32
Calculate the greatest common factor of 1422 and 18.
18
What is the greatest common divisor of 6 and 8?
2
Calculate the highest common factor of 902 and 22.
22
Calculate the greatest common divisor of 2773 and 649.
59
Calculate the greatest common factor of 70 and 3290.
70
What is the greatest common divisor of 245 and 1323?
49
Calculate the greatest common divisor of 150 and 340.
10
Calculate the greatest common divisor of 13 and 104.
13
Calculate the greatest common divisor of 297 and 18.
9
What is the highest common factor of 187 and 7684?
17
Calculate the greatest common factor of 91 and 2015.
13
Calculate the greatest common divisor of 175 and 75.
25
Calculate the highest common divisor of 3652 and 88.
44
Calculate the highest common factor of 234 and 54.
18
Calculate the highest common factor of 2740 and 40.
20
What is the highest common divisor of 148 and 1073?
37
What is the highest common divisor of 180 and 432?
36
Calculate the highest common divisor of 700 and 115.
5
What is the greatest common divisor of 91 and 5824?
91
What is the highest common divisor of 1127 and 23?
23
Calculate the greatest common divisor of 2844 and 1.
1
What is the greatest common factor of 171 and 5681?
19
What is the greatest common divisor of 392 and 14?
14
What is the highest common factor of 4107 and 444?
111
Calculate the greatest common factor of 670 and 10.
10
Calculate the greatest common divisor of 195 and 285.
15
Calculate the greatest common divisor of 54 and 12744.
54
What is the greatest common factor of 1539 and 18?
9
Calculate the highest common divisor of 35 and 42735.
35
Calculate the highest common divisor of 62578 and 134.
134
Calculate the highest common factor of 168 and 14.
14
Calculate the greatest common divisor of 46 and 1058.
46
Calculate the highest common factor of 1099 and 14.
7
Calculate the greatest common divisor of 1105 and 3185.
65
Calculate the highest common factor of 42 and 273.
21
What is the highest common divisor of 82 and 8159?
41
Calculate the greatest common factor of 1196 and 3220.
92
Calculate the greatest common divisor of 76 and 114.
38
Calculate the highest common divisor of 2641 and 342.
19
Calculate the greatest common divisor of 539 and 784.
49
Calculate the greatest common factor of 3515 and 95.
95
What is the greatest common divisor of 92 and 6532?
92
What is the greatest common factor of 4005 and 89?
89
What is the highest common factor of 522 and 72?
18
Calculate the greatest common divisor of 285 and 3230.
95
What is the highest common divisor of 10 and 55?
5
What is the highest common factor of 511 and 657?
73
Calculate the greatest common divisor of 105 and 35.
35
What is the greatest common divisor of 364 and 104?
52
Calculate the greatest common divisor of 468 and 180.
36
What is the highest common divisor of 282 and 6?
6
What is the highest common factor of 296 and 8?
8
Calculate the highest common factor of 30 and 30.
30
Calculate the highest common factor of 52 and 65.
13
Calculate the highest common factor of 51 and 33303.
51
Calculate the greatest common factor of 3 and 303.
3
What is the highest common factor of 108 and 81?
27
Calculate the greatest common divisor of 8592 and 54.
6
What is the highest common divisor of 244 and 671?
61
Calculate the highest common factor of 69621 and 69.
69
Calculate the greatest common factor of 616 and 56.
56
What is the greatest common divisor of 75 and 525?
75
Calculate the greatest common factor of 43230 and 330.
330
What is the highest common factor of 30 and 54?
6
What is the highest common divisor of 1496 and 663?
17
Calculate the greatest common divisor of 7 and 149.
1
What is the highest common divisor of 26 and 5031?
13
What is the greatest common factor of 54 and 288?
18
Calculate the highest common divisor of 90 and 522.
18
Calculate the greatest common divisor of 784 and 182.
14
What is the highest common divisor of 49 and 931?
49
What is the greatest common factor of 200 and 11300?
100
What is the highest common divisor of 6156 and 380?
76
What is the highest common divisor of 150 and 1110?
30
What is the highest common divisor of 2136 and 24?
24
Calculate the greatest common factor of 2415 and 1365.
105
What is the greatest common divisor of 39 and 4160?
13
Calculate the greatest common divisor of 155 and 15.
5
Calculate the highest common factor of 78 and 12.
6
What is the highest common divisor of 11 and 5071?
11
Calculate the greatest common divisor of 19 and 2.
1
What is the highest common d